
3
Suppose 0 = -5*h - 0*f - 5*f + 380, -4*h + 259 = -5*f. Suppose 5*o = h + 139. What is the tens digit of o?
4
Suppose -1302 = -v - 865. What is the units digit of v?
7
Suppose -a = -u + 3*u - 518, -3*a = 5*u - 1558. What is the hundreds digit of a?
5
Let v = -20 + 30. Suppose w - 3*w + v = 0. What is the tens digit of (w - 6) + 0 + 23?
2
Let g = -607 + 973. Let s = g + -113. What is the units digit of s?
3
Let x be (-1 + (5 - 3))/1. Let u(l) = 130*l**3 - l + 1. What is the units digit of u(x)?
0
What is the units digit of (-14)/2*(-16)/28 + 453?
7
Suppose 215 + 100 = -7*u. Let v be (-2*u/(-10))/1. What is the units digit of (-2)/(((-9)/(-3))/v)?
6
Suppose -4*c - c = 5, 5*c = -3*g - 11. Let x be (4 + g)/(1*-2). What is the units digit of (-4)/(x + 2 + -3)?
2
Suppose 624 = 9*d - 7*d. What is the hundreds digit of d?
3
Suppose 12 = 4*q + 4*w, 8 = -q + 4*w + 6. Suppose 4*s = 3*r - 228, -q*r + 2*s = -97 - 57. What is the units digit of r?
0
Let c(p) = 21*p + 474. What is the hundreds digit of c(0)?
4
Suppose -5*y = 2*b - 3 - 21, 2*b + 8 = 3*y. Suppose -o + 5*m + 9 = -0*o, -4*m = -y*o + 68. What is the tens digit of o?
1
Suppose 5*f = 8*f - 252. What is the units digit of f?
4
Let j = -54 + 87. Suppose -2*m - 7 = -j. What is the units digit of m?
3
Suppose -p - 12 = -15. Suppose -a = -p*z + 34 - 121, 0 = -4*z - 12. What is the units digit of a?
8
Suppose 4*k + 0*k - 2*u = 9874, 5*k = 5*u + 12335. What is the thousands digit of k?
2
Let f = -38 + 42. Suppose -f*g + 98 = -58. What is the tens digit of g?
3
Let c = -1 + 4. Suppose c*o - 23 = 10. Let u = -7 + o. What is the units digit of u?
4
Suppose 854 = 11*r - 7858. What is the hundreds digit of r?
7
Suppose -p + 4*z = 169, 4*p + z + 166 = -510. Let j = -47 - p. What is the tens digit of j?
2
Let h(t) = -t**3 - t**2 + t + 1. Let i(f) = 2*f**3 + f**2 - f + 9. Let a(j) = h(j) + i(j). Let r be a(0). What is the units digit of 52/r - (-11)/(-55)?
5
Let z be (-2)/8 - 5/(-20). Suppose -5*m - 72 + 482 = z. What is the tens digit of m?
8
Let l be -3*(30/9)/(-5). Suppose 5*d = 4*j + 7, -17 = -3*d - 2*j - l*j. Suppose 5 = d*z + h, -2*z - 4*h = -7 + 17. What is the units digit of z?
3
What is the tens digit of -1130*(-9 + 4)/5?
3
Let b = 821 - 473. Let k = b - 104. What is the hundreds digit of k?
2
Let n be 4/(2*3/(-24)). Let z(q) = q**2 + 11*q - 14. What is the units digit of z(n)?
6
Let b = -585 + 1191. What is the tens digit of b?
0
Suppose 2035 = 5*g - 5*i + 7*i, 4*i = 20. What is the tens digit of g?
0
Suppose 5*s = 4*p + 255 + 18, -4*s + p + 225 = 0. Let x = s - -16. What is the units digit of x?
3
Suppose -12*d + 6220 = 8*d. What is the hundreds digit of d?
3
Suppose 2*w - 2 - 11 = q, -2*w - 4*q = 12. What is the units digit of 105 - 4 - w - 4?
3
Suppose -4*k = -3*b - 939, -b + 262 = -2*k + 733. Let h = k - 149. What is the tens digit of h?
8
Let q = -149 - -136. What is the units digit of (-3 - -4)*-13*q?
9
Let g(t) = 3*t**2 - 5*t. Let j = 9 - 4. Let m be g(j). Let u = m + -31. What is the tens digit of u?
1
What is the units digit of 60/(-390) - (47068/(-26))/2?
5
Let q be (1 - 0)*12/6. Suppose -3*f + 5*c = -63, 0 = 4*c - q*c. Suppose x - f = -19. What is the units digit of x?
2
Let t = -875 - -1557. What is the tens digit of t?
8
Let q be (-9 - (-2)/(-1))/(-1). Let z = 478 + -477. Suppose -4*j = -5*l - 162, -5*l - z = -q. What is the tens digit of j?
4
Let s = -57 - -62. Suppose -i - 183 - 274 = -4*a, -4*a + s*i = -445. What is the hundreds digit of a?
1
Let r = 12 - 1. Suppose -3*l - 7 = -5*f + r, 4*f - 8 = -4*l. What is the units digit of -3 + f + 0 + 6?
6
Let s be 2 + 5*(-4)/(-10). Suppose 74 = s*x - 58. What is the units digit of x?
3
Let p(f) = f - 4. Let y(l) = l**2 - l + 1. Let q(w) = p(w) + 4*y(w). What is the tens digit of q(2)?
1
Suppose -3*p - 6*y + 2300 = -5*y, 3830 = 5*p + y. What is the units digit of p?
5
Suppose -w + 8*q + 2899 = 0, -1002 + 15702 = 5*w + q. What is the tens digit of w?
3
Let j(l) = -30*l**3 - 3*l**2 + 4*l - 1. Let g be j(1). Let y be 1*3*(-8)/6. Let u = y - g. What is the tens digit of u?
2
Let f = 14356 - 10031. What is the hundreds digit of f?
3
Let r(o) = 1095*o - 414. What is the hundreds digit of r(4)?
9
Suppose 0 = h + 4 + 32. Let z be (-191)/6 + 6/h. What is the units digit of 29/4 + (-24)/z?
8
Let u(k) = 2*k + 1. Let r be u(-2). Suppose 3*f + 17 = 2*w + 182, 3 = w. Let g = r + f. What is the tens digit of g?
5
Suppose 14*j - 3570 = -20*j. What is the tens digit of j?
0
What is the units digit of ((-136)/51)/((-2)/(-3)) - -845?
1
Suppose -3*j + 9 = 0, -3*a - j - 3*j + 3 = 0. Let u(z) = 6*z**2 + z + 2. What is the tens digit of u(a)?
5
Suppose 14 = -18*i + 20*i. Let j = i + 14. Let h = j - 6. What is the tens digit of h?
1
Let r = -12 - -8. Let c = 7 + r. Suppose -65 = -5*a + 3*b, 2*a + c*b + 13 = 3*a. What is the tens digit of a?
1
Suppose -6 = 40*w - 43*w. Suppose 0 = -w*b - 4*z + 399 + 323, -5*z - 1418 = -4*b. What is the tens digit of b?
5
Let p(j) = -54*j - 462. What is the hundreds digit of p(-18)?
5
What is the hundreds digit of 2*(-6 - (2 - 7)) + 720?
7
Let v(h) = -23*h + 28. Let m be v(1). Suppose -18 = -3*z - 0*z. Suppose 15 = m*p, b - 2*p - 36 = z. What is the tens digit of b?
4
Let y(u) = u**2 + 9*u - 1. Let n be y(-7). Let i(q) = q**3 + 16*q**2 + 9*q - 3. What is the units digit of i(n)?
7
Let c(i) = 3*i**3 - i**2 + i + 1. Let m be c(-1). Let f = 8 + -13. What is the tens digit of (-36)/(m*f/(-10))?
1
Let a be (-9)/(-12) - 33/(-4). Suppose -2*s + 61 = a. Suppose -m - 6*x - 1 = -x, -4*m = 5*x - s. What is the units digit of m?
9
Let q(s) = -s**2 + 9*s - 8. Let g be q(8). Suppose 0*p = w + p + 3, -3*w - 2*p - 4 = g. Suppose -3*m + 265 = w*m. What is the tens digit of m?
5
Let o(t) = -t**3 + 4*t**2 - t + 1. Let a be o(2). Let d = a - 8. What is the tens digit of (-8)/(d - (-3)/4)?
3
What is the units digit of ((-25)/50)/((-1)/8) - -14?
8
Let a(c) = -2*c + 29. Let y be a(-15). Suppose -6*z = -y - 151. What is the units digit of z?
5
Let r(m) = 2*m**3 - 68*m**2 + 67*m - 82. What is the tens digit of r(34)?
9
Suppose -2*s = 2*s - 20. Suppose 16 = 3*m + s*b, 3*m = -m - 2*b + 12. Suppose 5*j + 58 = -2*q + 5*q, 0 = 5*q - m*j - 84. What is the units digit of q?
6
Suppose 0 = -b + 2*b + 11. Let w = b + 15. Suppose w*u - u = 48. What is the units digit of u?
6
Let b = 21 - 21. Suppose 2*f - 52 = -k, 0 = -b*k - 5*k + 2*f + 296. What is the units digit of k?
8
Let i = -625 - -888. What is the units digit of i?
3
Let y be (-30)/(-10) - (1 - 3). Suppose p + 476 = 3*q - 110, -y*p + 222 = q. What is the tens digit of q?
9
Suppose y - 747 = r - 2801, r + y = 2060. What is the thousands digit of r?
2
Let a be (-175)/30 + 1 - 2/12. What is the hundreds digit of a/40 - (-4827)/24?
2
Let h(t) = -9*t + 1. Let m be h(7). What is the tens digit of (25 + m)/((-1)/2)?
7
Suppose 150 = 4*r - 234. Suppose -r = -4*d + 3*d. What is the tens digit of (d/((-6)/2))/(-2)?
1
Let o be ((-2)/(-6))/(91/84 - 1). Suppose 3*g = o*g - 147. What is the units digit of g?
7
Suppose 4*j + 80 = 3*b, -105 = 5*j - 2*b + 2. Let c = j + 129. What is the tens digit of c?
0
Suppose -5*d - 588 = t, 5*d + 3*t = -869 + 285. Let q = 171 + d. What is the units digit of q?
3
Let n(t) = 2*t**2 - 13*t + 6. Let j be n(6). Suppose 5*i - 29 - 86 = j. What is the units digit of i?
3
Let f(t) = 2*t**2 + 3*t - 3. Let p be f(-3). Let n(v) = p - 2 + 4*v**2 - 7*v + 2*v. What is the units digit of n(3)?
5
Suppose 4*f - 6*j = -4*j + 4118, -5*f + 5*j = -5135. What is the hundreds digit of f?
0
Let f(z) = -5*z - 1 - 7*z**2 - 7*z - 207*z**3 + 208*z**3. What is the units digit of f(9)?
3
Suppose 4*j + j = -4*r - 84, 4*j + 32 = -r. Let c = r - -192. What is the units digit of c?
6
Suppose -3170 = 4*i - 2*u, -4*i - 3*u = i + 3935. Let y = -557 - i. What is the units digit of y?
3
Let t be ((-34)/8 + 3)*-4. Suppose 5*d - 2*d = -s + 4, 3*s = -t*d. Suppose d = r - 6. What is the units digit of r?
9
Suppose -8*g + 472 = -7*g - 5*t, -2*g = t - 977. What is the units digit of g?
7
Let q be 4 + (-10)/(-5) + -4. Suppose 83 - q = z. What is the tens digit of z?
8
Suppose -11*h + 6*h + 3*r + 100 = 0, -3*h - 2*r = -41. Suppose 0 = h*d - 8496 + 3090. What is the units digit of d?
8
Let j(m) = m - 9. Let h be j(11). Suppose -4*b - 6 